{"id":275,"date":"2019-08-10T21:15:11","date_gmt":"2019-08-10T21:15:11","guid":{"rendered":"http:\/\/oberharzer-schuetzenbund.de\/?page_id=275"},"modified":"2026-03-15T12:59:16","modified_gmt":"2026-03-15T12:59:16","slug":"mitglieder-u-a","status":"publish","type":"page","link":"https:\/\/oberharzer-schuetzenbund.de\/?page_id=275","title":{"rendered":"Mitglieder u.a."},"content":{"rendered":"\n<div class=\"wp-block-media-text alignwide is-stacked-on-mobile\" style=\"grid-template-columns:16% auto\"><figure class=\"wp-block-media-text__media\"><img loading=\"lazy\" decoding=\"async\" width=\"255\" height=\"300\" src=\"https:\/\/oberharzer-schuetzenbund.de\/wp-content\/uploads\/2019\/08\/Wappen-Atenau-frei.png\" alt=\"\" class=\"wp-image-322 size-full\"\/><\/figure><div class=\"wp-block-media-text__content\">\n<p class=\"has-text-align-left\"><strong>Sch\u00fctzengesellschaft Altenau e.V. von 1525 <\/strong> Sch\u00fctzenvogt Jens Drewes <\/p>\n\n\n\n<p class=\"has-text-align-left\"><a href=\"http:\/\/www.schuetzengesellschaft-altenau.de\" target=\"_blank\" rel=\"noreferrer noopener\"><em>http:\/\/www.schuetzengesellschaft-altenau.de<\/em><\/a><\/p>\n<\/div><\/div>\n\n\n\n<div class=\"wp-block-media-text alignwide is-stacked-on-mobile\" style=\"grid-template-columns:15% auto\"><figure class=\"wp-block-media-text__media\"><img loading=\"lazy\" decoding=\"async\" width=\"220\" height=\"255\" src=\"https:\/\/oberharzer-schuetzenbund.de\/wp-content\/uploads\/2019\/08\/Wappen-Buntenbock.jpg\" alt=\"\" class=\"wp-image-404 size-full\"\/><\/figure><div class=\"wp-block-media-text__content\">\n<p class=\"has-text-align-left\"><strong>Sch\u00fctzengesellschaft Buntenbock von 1758 e.V. <\/strong>  Sch\u00fctzenvogt Volker Keinert      <\/p>\n\n\n\n<p class=\"has-text-align-left\"><em>keine Website <\/em><\/p>\n<\/div><\/div>\n\n\n\n<div class=\"wp-block-media-text alignwide is-stacked-on-mobile\" style=\"grid-template-columns:15% auto\"><figure class=\"wp-block-media-text__media\"><img loading=\"lazy\" decoding=\"async\" width=\"720\" height=\"713\" src=\"https:\/\/oberharzer-schuetzenbund.de\/wp-content\/uploads\/2019\/08\/Sikclub-Buntenbock.jpg\" alt=\"Skiclub Buntenbock             http:\/\/www.sc-buntenbock.de\" class=\"wp-image-296 size-full\" srcset=\"https:\/\/oberharzer-schuetzenbund.de\/wp-content\/uploads\/2019\/08\/Sikclub-Buntenbock.jpg 720w, https:\/\/oberharzer-schuetzenbund.de\/wp-content\/uploads\/2019\/08\/Sikclub-Buntenbock-150x150.jpg 150w, https:\/\/oberharzer-schuetzenbund.de\/wp-content\/uploads\/2019\/08\/Sikclub-Buntenbock-300x297.jpg 300w, https:\/\/oberharzer-schuetzenbund.de\/wp-content\/uploads\/2019\/08\/Sikclub-Buntenbock-100x100.jpg 100w\" sizes=\"auto, (max-width: 720px) 85vw, 720px\" \/><\/figure><div class=\"wp-block-media-text__content\">\n<p><strong>Skiclub Buntenbock <\/strong><\/p>\n\n\n\n<p>Vorsitzender Sven M\u00fcnch <em>                                                        <a aria-label=\" (\u00f6ffnet in neuem Tab)\" href=\"http:\/\/www.sc-buntenbock.de\" target=\"_blank\" rel=\"noreferrer noopener\">http:\/\/www.sc-buntenbock.de<\/a><\/em><\/p>\n<\/div><\/div>\n\n\n\n<div class=\"wp-block-media-text alignwide is-stacked-on-mobile\" style=\"grid-template-columns:15% auto\"><figure class=\"wp-block-media-text__media\"><img loading=\"lazy\" decoding=\"async\" width=\"150\" height=\"177\" src=\"https:\/\/oberharzer-schuetzenbund.de\/wp-content\/uploads\/2019\/08\/Clausthal-1.jpg\" alt=\"\" class=\"wp-image-300 size-full\"\/><\/figure><div class=\"wp-block-media-text__content\">\n<p><strong>Sch\u00fctzengesellschaft Clausthal von 1523 e.V.   <\/strong>Sch\u00fctzenvogt Klaus Finke <\/p>\n\n\n\n<p><em><a aria-label=\" (\u00f6ffnet in neuem Tab)\" href=\"http:\/\/www.schuetzen-clausthal.de\" target=\"_blank\" rel=\"noreferrer noopener\">http:\/\/www.schuetzen-clausthal.de<\/a><\/em><\/p>\n<\/div><\/div>\n\n\n\n<div class=\"wp-block-media-text alignwide is-stacked-on-mobile\" style=\"grid-template-columns:14% auto\"><figure class=\"wp-block-media-text__media\"><img loading=\"lazy\" decoding=\"async\" width=\"264\" height=\"327\" src=\"https:\/\/oberharzer-schuetzenbund.de\/wp-content\/uploads\/2019\/08\/wsv-neu.png\" alt=\"\" class=\"wp-image-357 size-full\" srcset=\"https:\/\/oberharzer-schuetzenbund.de\/wp-content\/uploads\/2019\/08\/wsv-neu.png 264w, https:\/\/oberharzer-schuetzenbund.de\/wp-content\/uploads\/2019\/08\/wsv-neu-242x300.png 242w\" sizes=\"auto, (max-width: 264px) 85vw, 264px\" \/><\/figure><div class=\"wp-block-media-text__content\">\n<p class=\"has-text-align-left\"><strong>Wintersportverein Clausthal-Zellerfeld e.V.      <\/strong>      <em><a href=\"http:\/\/www.wsv-clausthal.de\/home\/\" target=\"_blank\" rel=\"noreferrer noopener\" aria-label=\" (\u00f6ffnet in neuem Tab)\">http:\/\/www.wsv-clausthal.de\/home<\/a><\/em><\/p>\n<\/div><\/div>\n\n\n\n<div class=\"wp-block-media-text alignwide is-stacked-on-mobile\" style=\"grid-template-columns:15% auto\"><figure class=\"wp-block-media-text__media\"><img loading=\"lazy\" decoding=\"async\" width=\"1024\" height=\"1024\" src=\"https:\/\/oberharzer-schuetzenbund.de\/wp-content\/uploads\/2020\/01\/SG-Hahnenklee-Bockswiese-1024x1024.jpg\" alt=\"\" class=\"wp-image-821 size-full\" srcset=\"https:\/\/oberharzer-schuetzenbund.de\/wp-content\/uploads\/2020\/01\/SG-Hahnenklee-Bockswiese-1024x1024.jpg 1024w, https:\/\/oberharzer-schuetzenbund.de\/wp-content\/uploads\/2020\/01\/SG-Hahnenklee-Bockswiese-150x150.jpg 150w, https:\/\/oberharzer-schuetzenbund.de\/wp-content\/uploads\/2020\/01\/SG-Hahnenklee-Bockswiese-300x300.jpg 300w, https:\/\/oberharzer-schuetzenbund.de\/wp-content\/uploads\/2020\/01\/SG-Hahnenklee-Bockswiese-768x768.jpg 768w, https:\/\/oberharzer-schuetzenbund.de\/wp-content\/uploads\/2020\/01\/SG-Hahnenklee-Bockswiese-100x100.jpg 100w, https:\/\/oberharzer-schuetzenbund.de\/wp-content\/uploads\/2020\/01\/SG-Hahnenklee-Bockswiese.jpg 1599w\" sizes=\"auto, (max-width: 709px) 85vw, (max-width: 909px) 67vw, (max-width: 1362px) 62vw, 840px\" \/><\/figure><div class=\"wp-block-media-text__content\">\n<p><strong>Sch\u00fctzenabteilung der Sportgemeinde Hahnenklee-Bockswiese e.V.<\/strong>, <\/p>\n\n\n\n<p>Sch\u00fctzenvogt G\u00fcnther Hein<br><\/p>\n<\/div><\/div>\n\n\n\n<div class=\"wp-block-media-text alignwide is-stacked-on-mobile\" style=\"grid-template-columns:15% auto\"><figure class=\"wp-block-media-text__media\"><img loading=\"lazy\" decoding=\"async\" width=\"171\" height=\"197\" src=\"https:\/\/oberharzer-schuetzenbund.de\/wp-content\/uploads\/2019\/08\/Wappen_Lautenthal_frei-neu.png\" alt=\"\" class=\"wp-image-356 size-full\"\/><\/figure><div class=\"wp-block-media-text__content\">\n<p><strong>B\u00fcrgersch\u00fctzengesellschaft Lautenthal von 1590 e.V.   <\/strong><\/p>\n\n\n\n<p>Sch\u00fctzenvogt Stefan Pagel<\/p>\n\n\n\n<p><em><a aria-label=\" (\u00f6ffnet in neuem Tab)\" href=\"http:\/\/www.bsg-lautenthal.de\" target=\"_blank\" rel=\"noreferrer noopener\">http:\/\/www.bsg-lautenthal.de<\/a><\/em><\/p>\n<\/div><\/div>\n\n\n\n<div class=\"wp-block-media-text alignwide is-stacked-on-mobile\" style=\"grid-template-columns:15% auto\"><figure class=\"wp-block-media-text__media\"><img loading=\"lazy\" decoding=\"async\" width=\"131\" height=\"144\" src=\"https:\/\/oberharzer-schuetzenbund.de\/wp-content\/uploads\/2019\/08\/St.Andreasberg2.gif\" alt=\"\" class=\"wp-image-309 size-full\"\/><\/figure><div class=\"wp-block-media-text__content\">\n<p><strong>Sch\u00fctzengesellschaft von 1522 e.V. Sankt Andreasberg<\/strong> <\/p>\n\n\n\n<p>Sch\u00fctzenvogt Frederik Kunze<\/p>\n\n\n\n<p><em><a aria-label=\" (\u00f6ffnet in neuem Tab)\" href=\"http:\/\/www.andreasberger-schuetzen.de\" target=\"_blank\" rel=\"noreferrer noopener\">http:\/\/www.andreasberger-schuetzen.de<\/a><\/em><\/p>\n<\/div><\/div>\n\n\n\n<div class=\"wp-block-media-text alignwide is-stacked-on-mobile\" style=\"grid-template-columns:14% auto\"><figure class=\"wp-block-media-text__media\"><img loading=\"lazy\" decoding=\"async\" width=\"154\" height=\"194\" src=\"https:\/\/oberharzer-schuetzenbund.de\/wp-content\/uploads\/2019\/08\/Zellerfeld.jpg\" alt=\"\" class=\"wp-image-71 size-full\"\/><\/figure><div class=\"wp-block-media-text__content\">\n<p><strong>Sch\u00fctzengesellschaft Zellerfeld e.V. von 1539 <\/strong>Sch\u00fctzenvogt Rolf K\u00f6hler <\/p>\n\n\n\n<p><em><a aria-label=\" (\u00f6ffnet in neuem Tab)\" href=\"http:\/\/www.zellerfelder-schuetzen.de\" target=\"_blank\" rel=\"noreferrer noopener\">http:\/\/www.zellerfelder-sch<\/a><\/em><a aria-label=\" (\u00f6ffnet in neuem Tab)\" href=\"http:\/\/www.zellerfelder-schuetzen.de\" target=\"_blank\" rel=\"noreferrer noopener\">\u00fct<\/a><em><a aria-label=\" (\u00f6ffnet in neuem Tab)\" href=\"http:\/\/www.zellerfelder-schuetzen.de\" target=\"_blank\" rel=\"noreferrer noopener\">zen.de<\/a><\/em><\/p>\n<\/div><\/div>\n\n\n\n<p><strong><em>weitere Verb\u00e4nde \/ Links:<\/em><\/strong><\/p>\n\n\n\n<div class=\"wp-block-media-text alignwide is-stacked-on-mobile\" style=\"grid-template-columns:16% auto\"><figure class=\"wp-block-media-text__media\"><img loading=\"lazy\" decoding=\"async\" width=\"158\" height=\"161\" src=\"https:\/\/oberharzer-schuetzenbund.de\/wp-content\/uploads\/2019\/10\/NSSV_Wappen.png\" alt=\" Nieders\u00e4chsischer Sportsch\u00fctzenverband \nWilkenburger Stra\u00dfe 30, 30519 Hannover   \nhttp:\/\/nssv.de\nTelefon: 0511-220021-0\nTelefax: 0511-220021-21\nE-Mail: info@nssv.de\" class=\"wp-image-565 size-full\"\/><\/figure><div class=\"wp-block-media-text__content\">\n<p><em><strong> Nieders\u00e4chsischer Sportsch\u00fctzenverband <br> Wilkenburger Stra\u00dfe 30, 30519 Hannover<\/strong><\/em>   <br>  <a href=\"http:\/\/nssv.de\">http:\/\/nssv.de<\/a><br> Telefon: 0511-220021-0<br> Telefax: 0511-220021-21<br> E-Mail: info@nssv.de<\/p>\n<\/div><\/div>\n\n\n\n<div class=\"wp-block-media-text alignwide is-stacked-on-mobile\" style=\"grid-template-columns:16% auto\"><figure class=\"wp-block-media-text__media\"><img loading=\"lazy\" decoding=\"async\" width=\"240\" height=\"167\" src=\"https:\/\/oberharzer-schuetzenbund.de\/wp-content\/uploads\/2019\/10\/dsb-logo@2x.png\" alt=\"Deutscher Sch\u00fctzenbund e.V.\nWebsite: \" class=\"wp-image-589 size-full\"\/><\/figure><div class=\"wp-block-media-text__content\">\n<p> <strong><em>Deutscher Sch\u00fctzenbund e.V.<\/em><\/strong><br>   <a href=\"http:\/\/dsb.de\">http:\/\/dsb.de<\/a><\/p>\n<\/div><\/div>\n","protected":false},"excerpt":{"rendered":"<p>Sch\u00fctzengesellschaft Altenau e.V. von 1525 Sch\u00fctzenvogt Jens Drewes http:\/\/www.schuetzengesellschaft-altenau.de Sch\u00fctzengesellschaft Buntenbock von 1758 e.V. Sch\u00fctzenvogt Volker Keinert keine Website Skiclub Buntenbock Vorsitzender Sven M\u00fcnch http:\/\/www.sc-buntenbock.de Sch\u00fctzengesellschaft Clausthal von 1523 e.V. Sch\u00fctzenvogt Klaus Finke http:\/\/www.schuetzen-clausthal.de Wintersportverein Clausthal-Zellerfeld e.V. http:\/\/www.wsv-clausthal.de\/home Sch\u00fctzenabteilung der Sportgemeinde Hahnenklee-Bockswiese e.V., Sch\u00fctzenvogt G\u00fcnther Hein B\u00fcrgersch\u00fctzengesellschaft Lautenthal von 1590 e.V. Sch\u00fctzenvogt Stefan Pagel http:\/\/www.bsg-lautenthal.de &hellip; <a href=\"https:\/\/oberharzer-schuetzenbund.de\/?page_id=275\" class=\"more-link\"><span class=\"screen-reader-text\">\u201eMitglieder u.a.\u201c <\/span>weiterlesen<\/a><\/p>\n","protected":false},"author":1,"featured_media":0,"parent":0,"menu_order":0,"comment_status":"closed","ping_status":"closed","template":"","meta":{"ngg_post_thumbnail":0,"footnotes":""},"class_list":["post-275","page","type-page","status-publish","hentry"],"_links":{"self":[{"href":"https:\/\/oberharzer-schuetzenbund.de\/index.php?rest_route=\/wp\/v2\/pages\/275","targetHints":{"allow":["GET"]}}],"collection":[{"href":"https:\/\/oberharzer-schuetzenbund.de\/index.php?rest_route=\/wp\/v2\/pages"}],"about":[{"href":"https:\/\/oberharzer-schuetzenbund.de\/index.php?rest_route=\/wp\/v2\/types\/page"}],"author":[{"embeddable":true,"href":"https:\/\/oberharzer-schuetzenbund.de\/index.php?rest_route=\/wp\/v2\/users\/1"}],"replies":[{"embeddable":true,"href":"https:\/\/oberharzer-schuetzenbund.de\/index.php?rest_route=%2Fwp%2Fv2%2Fcomments&post=275"}],"version-history":[{"count":52,"href":"https:\/\/oberharzer-schuetzenbund.de\/index.php?rest_route=\/wp\/v2\/pages\/275\/revisions"}],"predecessor-version":[{"id":3013,"href":"https:\/\/oberharzer-schuetzenbund.de\/index.php?rest_route=\/wp\/v2\/pages\/275\/revisions\/3013"}],"wp:attachment":[{"href":"https:\/\/oberharzer-schuetzenbund.de\/index.php?rest_route=%2Fwp%2Fv2%2Fmedia&parent=275"}],"curies":[{"name":"wp","href":"https:\/\/api.w.org\/{rel}","templated":true}]}}